prime factors of 68044263.
3, 7, 19, 170537
List the prime factors of 236411489.
151, 263, 5953
What are the prime factors of 31090103?
11, 89, 2887
List the prime factors of 158705279.
158705279
What are the prime factors of 74370576?
2, 3, 7, 389, 569
What are the prime factors of 18618157?
19, 47, 20849
What are the prime factors of 53493526?
2, 17, 1573339
List the prime factors of 56277492.
2, 3, 773, 6067
What are the prime factors of 31123064?
2, 7, 19, 29251
What are the prime factors of 345576812?
2, 7, 1763147
What are the prime factors of 9069665?
5, 11, 103, 1601
List the prime factors of 1172291256.
2, 3, 373, 43651
What are the prime factors of 2341720550?
2, 5, 13, 19, 189613
List the prime factors of 421843458.
2, 3, 5417, 12979
What are the prime factors of 399718387?
399718387
List the prime factors of 50325581.
71, 733, 967
List the prime factors of 713414182.
2, 13, 27439007
List the prime factors of 4275342604.
2, 13, 1297, 63391
What are the prime factors of 1587096126?
2, 3, 7, 11, 381697
List the prime factors of 1905384580.
2, 5, 11, 97, 8117
List the prime factors of 92471794.
2, 83, 557059
What are the prime factors of 713438719?
7, 101919817
What are the prime factors of 1444171575?
3, 5, 7, 11, 250073
List the prime factors of 112847149.
29, 179, 21739
What are the prime factors of 1270857159?
3, 11, 13, 987457
What are the prime factors of 422500735?
5, 107, 789721
List the prime factors of 23141822.
2, 11, 257, 4093
List the prime factors of 531956846.
2, 265978423
List the prime factors of 3047223168.
2, 3, 11, 191, 1259
List the prime factors of 3046740869.
293, 10398433
What are the prime factors of 582730712?
2, 6793, 10723
What are the prime factors of 408691807?
23, 17769209
List the prime factors of 154807126.
2, 149, 519487
What are the prime factors of 187939069?
173, 1086353
What are the prime factors of 1310186273?
11, 29, 59, 67, 1039
What are the prime factors of 5635287555?
3, 5, 375685837
List the prime factors of 3840300979.
2879, 1333901
List the prime factors of 1923702.
2, 3, 11, 29147
List the prime factors of 59073762.
2, 3, 11, 157, 5701
List the prime factors of 32004780.
2, 3, 5, 533413
List the prime factors of 2074673210.
2, 5, 207467321
List the prime factors of 1045268936.
2, 17, 7685801
What are the prime factors of 34471228?
2, 11, 83, 9439
What are the prime factors of 679285925?
5, 27171437
What are the prime factors of 1298292976?
2, 81143311
What are the prime factors of 2784660799?
101, 27570899
What are the prime factors of 384675922?
2, 192337961
What are the prime factors of 15257836?
2, 11, 19, 18251
List the prime factors of 4350476638.
2, 2175238319
What are the prime factors of 94401027?
3, 7, 1498429
What are the prime factors of 680809556?
2, 7, 827, 29401
List the prime factors of 142951257.
3, 673, 7867
List the prime factors of 1049084973.
3, 97, 103, 3889
What are the prime factors of 258606684?
2, 3, 7, 1026217
List the prime factors of 89204170.
2, 5, 11, 479, 1693
What are the prime factors of 1388410236?
2, 3, 101, 383, 997
What are the prime factors of 1519190909?
61, 139, 1289
What are the prime factors of 5522066591?
37, 41, 59, 103, 599
List the prime factors of 1462488983.
41, 35670463
What are the prime factors of 553449188?
2, 3517, 39341
List the prime factors of 1667456766.
2, 3, 947, 3623
List the prime factors of 1131329942.
2, 565664971
List the prime factors of 134320843.
139, 966337
List the prime factors of 222023208.
2, 3, 11, 19, 44263
List the prime factors of 152067382.
2, 2351, 32341
What are the prime factors of 79025216?
2, 1234769
List the prime factors of 2832736797.
3, 11, 83, 103, 3347
List the prime factors of 4989288300.
2, 3, 5, 16630961
What are the prime factors of 10143345?
3, 5, 23, 29401
What are the prime factors of 935607539?
233, 4015483
What are the prime factors of 68492035?
5, 157, 87251
What are the prime factors of 1603606058?
2, 1553, 516293
What are the prime factors of 1417836622?
2, 29, 24445459
List the prime factors of 3138814019.
11, 47, 6071207
List the prime factors of 76203784.
2, 23, 137, 3023
What are the prime factors of 191456036?
2, 2351, 20359
What are the prime factors of 121635670?
2, 5, 13, 83, 11273
What are the prime factors of 194329708?
2, 3463, 14029
List the prime factors of 6428198935.
5, 2477, 519031
List the prime factors of 67704985.
5, 23, 337, 1747
What are the prime factors of 38631041?
38631041
What are the prime factors of 5488866872?
2, 686108359
List the prime factors of 85214488.
2, 2089, 5099
List the prime factors of 2439837027.
3, 79, 1279, 2683
List the prime factors of 21227428.
2, 907, 5851
List the prime factors of 581806762.
2, 181, 1607201
What are the prime factors of 45224384?
2, 706631
What are the prime factors of 86079836?
2, 1327, 16217
List the prime factors of 807598931.
23, 29, 1210793
What are the prime factors of 144480035?
5, 7, 157, 26293
What are the prime factors of 2872358393?
79, 36358967
List the prime factors of 754745622.
2, 3, 125790937
What are the prime factors of 30530341?
30530341
What are the prime factors of 154408724?
2, 47, 73, 11251
List the prime factors of 7427086.
2, 151, 24593
What are the prime factors of 1426198331?
1426198331
List the prime factors of 877235503.
179, 4900757
What are the prime factors of 5726091753?
3, 23, 27662279
What are the prime factors of 704422840?
2, 5, 11, 23, 47, 1481
List the prime factors of 142627312.
2, 1367, 6521
What are the prime factors of 149205465?
3, 5, 761, 4357
List the prime factors of 12585228.
2, 3, 223, 4703
List the prime factors of 2883791410.
2, 5, 288379141
What are the prime factors of 79058477?
383, 206419
What are the prime factors of 351793427?
17, 71, 223, 1307
What are the prime factors of 136330454?
2, 13, 5243479
List the prime factors of 17786670.
2, 3, 5, 11, 53899
List the prime factors of 1210742628.
2, 3, 41, 2460859
What are the prime factors of 96551851?
11, 149, 58909
List the prime factors of 1982278296.
2, 3, 29, 193, 4919
What are the prime factors of 25801490?
2, 5, 11, 13, 18043
What are the prime factors of 98267723?
98267723
List the prime factors of 1612895208.
2, 3, 67203967
List the prime factors of 423127850.
2, 5, 8462557
What are the prime factors of 353727961?
587, 602603
What are the prime factors of 4055515144?
2, 506939393
What are the prime factors of 61610074?
2, 17, 1812061
List the prime factors of 351114259.
351114259
List the prime factors of 98557321.
98557321
What are the prime factors of 70827714?
2, 3, 3934873
What are the prime factors of 245081667?
3, 81693889
List the prime factors of 408345870.
2, 3, 5, 47, 289607
What are the prime factors of 417681896?
2, 29, 83, 109, 199
List the prime factors of 1935361341.
3, 31, 6936779
What are the prime factors of 281885042?
2, 2417, 58313
What are the prime factors of 156443818?
2, 73, 1071533
What are the prime factors of 386117737?
47, 3719
List the prime factors of 1477392308.
2, 7, 52764011
List the prime factors of 31749943.
97, 327319
List the prime factors of 183718182.
2, 3, 19, 1611563
What are the prime factors of 234818750?
2, 5, 37571
What are the prime factors of 27981916?
2, 37, 189067
What are the prime factors of 1402034941?
71, 1423, 13877
What are the prime factors of 180207875?
5, 19, 23, 3299
What are the prime factors of 284796766?
2, 67, 229, 9281
What are the prime factors of 200483132?
2, 50120783
What are the prime factors of 5489820373?
5489820373
List the prime factors of 456191206.
2, 9241, 24683
What are the prime factors of 209124605?
5, 31, 911, 1481
What are the prime factors of 58164472?
2, 19, 382661
What are the prime factors of 20996016?
2, 3, 109, 4013
List the prime factors of 10271317.
7, 23, 131, 487
List the prime factors of 95806536.
2, 3, 7, 487, 1171
List the prime factors of 213234441.
3, 7, 37, 47, 5839
What are the prime factors of 106735525?
5, 13, 23, 109, 131
List the prime factors of 1574060530.
2, 5, 7, 22486579
List the prime factors of 114756812.
2, 829, 34607
What are the prime factors of 659193357?
3, 219731119
List the prime factors of 111348500.
2, 5, 43, 5179
List the prime factors of 35663772.
2, 3, 61, 83, 587
What are the prime factors of